, what is -385502 + 4?
-385487
In base 3, what is 100 + 1221102012?
1221102112
In base 4, what is 1 - -332312?
332313
In base 2, what is -10110010101000110 - -111?
-10110010100111111
In base 3, what is -210221210 - -11?
-210221122
In base 11, what is 52a - 49?
491
In base 4, what is -20 - -101301?
101221
In base 9, what is 57 - 53?
4
In base 10, what is -581360 - -4?
-581356
In base 3, what is -111021 - -21011?
-20010
In base 3, what is -112011102 + 11?
-112011021
In base 9, what is -14586 + -576?
-15273
In base 7, what is -32321 - -55?
-32233
In base 6, what is -15 - -51054?
51035
In base 9, what is 86 + 75?
172
In base 14, what is 10b + -40?
ab
In base 5, what is 4 + -211213?
-211204
In base 12, what is 4a - 121b?
-1191
In base 11, what is 3 + -6a687?
-6a684
In base 13, what is -28a - -c93?
a06
In base 13, what is 6426 + -4?
6422
In base 5, what is -23403 + 10?
-23343
In base 14, what is -2 + a4682?
a4680
In base 15, what is 393 - -1051?
13e4
In base 4, what is 20110 + -11103?
3001
In base 11, what is -41 - -2109?
2078
In base 15, what is 7 + -325e0?
-325d8
In base 13, what is 5 - -2466c?
24674
In base 4, what is -1210110 + -201?
-1210311
In base 6, what is -5 - -32454?
32445
In base 11, what is -34a4 + -2?
-34a6
In base 2, what is 1000110 + 100001000?
101001110
In base 15, what is 16b0ee + -1?
16b0ed
In base 3, what is -11 + 200110002222?
200110002211
In base 11, what is -37122 - 3?
-37125
In base 7, what is -1451005 - -2?
-1451003
In base 3, what is 21211122 - -10102?
21222001
In base 6, what is 3 - -301040?
301043
In base 3, what is 2 + -1010112220?
-1010112211
In base 3, what is -1000111022 - 0?
-1000111022
In base 16, what is -221 - -131?
-f0
In base 16, what is -2765f + -5?
-27664
In base 10, what is 3 + 724144?
724147
In base 12, what is -692 + -30?
-702
In base 12, what is 45 - 134?
-ab
In base 7, what is 25610 + 26?
25636
In base 7, what is -1 + 30221?
30220
In base 11, what is -aa65 - -4?
-aa61
In base 15, what is -4 + 4816?
4812
In base 3, what is -21121120200 - -10?
-21121120120
In base 3, what is 10102010 + -112?
10101121
In base 5, what is 10 + -2032441?
-2032431
In base 15, what is -c114 - d?
-c122
In base 2, what is 11 - 11110001101011100?
-11110001101011001
In base 3, what is -10101 - 211?
-11012
In base 10, what is -5 + 141531?
141526
In base 10, what is -179081 - -31?
-179050
In base 11, what is -76 + a491?
a416
In base 3, what is 201112221 + 21002?
201211000
In base 3, what is 11201201012210 - 2?
11201201012201
In base 16, what is 31 + eb4?
ee5
In base 15, what is 2 - -88c46?
88c48
In base 6, what is 0 - -521212?
521212
In base 16, what is -1cc0 + -13d?
-1dfd
In base 7, what is -5043 + -4450?
-12523
In base 5, what is 40144113 + 1?
40144114
In base 4, what is 10 - -132233101?
132233111
In base 16, what is -dc + 1b0b?
1a2f
In base 11, what is 4 - -213132?
213136
In base 9, what is 312808 + -4?
312804
In base 9, what is 3 - 138640?
-138636
In base 10, what is -4 - 26269?
-26273
In base 2, what is 110011110011100011 - 1?
110011110011100010
In base 12, what is 57309 - 3?
57306
In base 11, what is -3270a + -14?
-32723
In base 9, what is 1063 - 425?
537
In base 11, what is 43 - -2617a?
26212
In base 11, what is 4 - 160739?
-160735
In base 5, what is 100032240 - 3?
100032232
In base 11, what is -1617 + -31?
-1648
In base 4, what is -20221202 - -13?
-20221123
In base 7, what is 36 + 1533?
1602
In base 12, what is 213 + -785?
-572
In base 5, what is 42132 - 12?
42120
In base 14, what is -19 + 1224?
1209
In base 15, what is -3eb0e + -7?
-3eb16
In base 9, what is -2 + -126112?
-126114
In base 14, what is -3 - 14261?
-14264
In base 15, what is -2b + 1490?
1464
In base 5, what is 23222 - 41301?
-13024
In base 4, what is 12 - -1233300?
1233312
In base 14, what is 1 - -7c4?
7c5
In base 13, what is 5a94 + -c0?
59a4
In base 7, what is -33 - -14643?
14610
In base 9, what is 4646 + -34?
4612
In base 16, what is -e - -14dab?
14d9d
In base 11, what is -1203 - 38?
-1240
In base 7, what is 12110 + -43?
12034
In base 9, what is -23 + 2768?
2745
In base 6, what is 430 - 1005?
-135
In base 7, what is 31206 + -105?
31101
In base 13, what is 3522 - -12?
3534
In base 12, what is 31490 - 10?
31480
In base 8, what is 3 - -1724751?
1724754
In base 6, what is 204 - 10000?
-5352
In base 8, what is 113530 + -24?
113504
In base 13, what is 628 + -2a?
5cb
In base 7, what is -2623 - 543?
-3466
In base 13, what is 1b + 1280?
129b
In base 6, what is 5230022 - 5?
5230013
In base 15, what is 5 - -33e?
344
In base 11, what is 1 + -3306?
-3305
In base 10, what is -2857 + -12?
-2869
In base 8, what is -14334 + 1646?
-12466
In base 7, what is -13 + -4426?
-4442
In base 2, what is 111001011101100 - -101?
111001011110001
In base 11, what is -80814 + 2?
-80812
In base 2, what is -10001001100100000101 + -100?
-10001001100100001001
In base 6, what is -42103 + 113?
-41550
In base 4, what is 1320313022 - -20?
1320313102
In base 8, what is -74 - -5116?
5022
In base 13, what is -238 - ac?
-317
In base 7, what is -3 - 342162?
-342165
In base 7, what is -5 - -1202211?
1202203
In base 16, what is 2877 - 3?
2874
In base 6, what is -4 - 32205?
-32213
In base 10, what is 5358 + -338?
5020
In base 2, what is -1000 - -10110110010101?
10110110001101
In base 12, what is b25 + -13?
b12
In base 11, what is 77 - 115?
-49
In base 5, what is 14 - 212440?
-212421
In base 12, what is 101 + 13347?
13448
In base 3, what is -1 + 201001110210?
201001110202
In base 9, what is 1552 - 103?
1448
In base 6, what is -10341 + -3?
-10344
In base 4, what is 31 - -13120?
13211
In base 10, what is -5 + -186211?
-186216
In base 6, what is -4 - -230020?
230012
In base 7, what is 24100 + -35?
24032
In base 14, what is -2 + -42a4?
-42a6
In base 4, what is -22032002022 + -10?
-22032002032
In base 7, what is 1 - -4263534?
4263535
In base 4, what is 13 - -3310013?
3310032
In base 2, what is 100001100111111 + -1001100?
100001011110011
In base 9, what is 0 + -2757421?
-2757421
In base 8, what is -16 + -3420?
-3436
In base 16, what is 396 - 199?
1fd
In base 14, what is a - -88a?
896
In base 15, what is -1077 + 6?
-1071
In base 3, what is 1 + 1121220211?
1121220212
In base 15, what is -1ce5 - -102?
-1be3
In base 2, what is 11100 - -11101101010010?
11101101101110
In base 10, what is -4076 + -80?
-4156
In base 14, what is 1c - 2c588?
-2c56a
In base 9, what is 4 - -23588?
23603
In base 5, what is 1 - 401234?
-401233
In base 16, what is 0 - -3df9?
3df9
In base 13, what is 1838 - -42?
187a
In base 6, what is -5 + -240413?
-240422
In base 14, what is 8d8 + 0?
8d8
In base 5, what is -324 + 341?
12
In base 7, what is -3343 + 32?
-3311
In base 10, what is -5 + 63501?
63496
In base 4, what is 0 + -2033031?
-2033031
In base 10, what is -56399 - -4?
-56395
In base 4, what is -1133030021 + 11?
-1133030010
In base 4, what is 1011 - -2102?
3113
In base 3, what is 111 + -121121001?
-121120120
In base 12, what is -8834 - b9?
-8931
In base 12, what is 2 - -55546?
55548
In base 11, what is 39123 - 14?
3910a
In base 4, what is -3 + 2233321030?
2233321021
In base 7, what is 2033 - -540?
2603
In base 13, what is -242700 + 0?
-242700
In base 5, what is -20 - 33114003?
-33114023
In base 15, what is 3a86 + -1?
3a85
In base 6, what is -32533 - -1315?
-31214
In base 14, what is -ca1 + -476?
-1337
In base 9, what is 2 + 27427?
27430
In base 10, what is -115007 - 3?
-115010
In base 3, what is -11 - -201210010?
201202222
In base 10, what is 822 + 24?
846
In base 16, what is -3 - 2f0?
-2f3
In base 13, what is 4 + 4647a7?
4647ab
In base 3, what is -2020 - -101221?
22201
In base 16, what is 119 - 12b?
-12
In base 3, what is -1 + 200121012?
200121011
In base 16, what is 1 - -89f6?
89f7
In base 13, what is -28139 - 5?
-28141
In base 5, what is 0 - 40014232?
-40014232
In base 16, what is 1133 + -5?
112e
In base 2, what is 110100000101111101010 - -11?
110100000101111101101
In base 6, what is -4 + 12023?
12015
In base 5, what is -3 + -10020340?
-10020343
In base 3, what is 1 - -1012202112021?
1012202112022
In base 8, what is 10057 + 5?
10064
In base 8, what is 2 + 1333153?
1333155
In base 4, what is -100 + 132212?
132112
In base 14, what is -3 - 244c?
-2451
In base 7, what is -2 - -422125?
422123
In base 10, what is -1381 - -359?
-1022
In base 13, wh